).
0
Suppose g + 2*g = -3*g. Let a(t) = t**2 + 16. Determine a(g).
16
Let j = -9 - -10. Let p be (-1)/(-1) + 0 - 0. Let m(d) = d - 4 + 2 + p. Calculate m(j).
0
Suppose 0 = -3*j + j. Let g(r) = -1 + 6*r + j - 2*r + r**2. Determine g(-5).
4
Let z(n) = 5*n**2 - 2*n**3 - 3*n - n**3 - 1 + 2*n**3. Let p(b) = b**3 + 6*b**2 + 7*b. Let w be p(-4). Determine z(w).
3
Suppose 1 = 5*u - 14. Suppose 0*h - u*h = 12. Let z(w) = -w**3 + 3*w**2 - 2*w + 3. Let a(c) = c**3 - c - 1. Let v(q) = -2*a(q) - z(q). Calculate v(h).
-1
Suppose 3*s = 8*s. Let i(t) = t**2 + 2*t**3 - 2 + s*t**2 + 2*t - 4*t**2. What is i(2)?
6
Let j(i) = -2*i - 1. Let v(x) be the third derivative of -x**4/24 - x**3/6 + 4*x**2. Let y(o) = j(o) - 5*v(o). What is y(-3)?
-5
Suppose -4*r - 8 = -7*v + 2*v, 4 = -2*r + 5*v. Let i = r - 1. Let g(d) = -d**3 - 4*d**2 - 4*d - 3. What is g(i)?
0
Let i(w) = w**2 - 7*w + 4. Suppose 23 = -7*m + 65. Determine i(m).
-2
Let n(i) = 3*i - 3. Let r be ((-8)/10)/((-2)/(-10)). Determine n(r).
-15
Let v(k) = k**3 + 4*k**2 - 6*k + 5. Suppose 3*d - 7*y + 3*y - 7 = 0, 5*y + 5 = 0. Suppose d - 7 = 3*r. Let a be 11/r - 1/(-2). Give v(a).
10
Let r(p) = p**2 + 6*p + 2. Let n be r(-4). Let u(l) = 2*l + 3. Give u(n).
-9
Suppose 36 = -4*s - 12. Let a = -14 - s. Let t(m) be the first derivative of 2*m**3/3 + 3*m**2/2 + 2*m - 1. Determine t(a).
4
Suppose -q - 3 = 3*v + 4, 0 = 5*v + q + 11. Let t be ((-3)/(-3) - -1)/v. Let p(r) = 9*r**2 + r + 1. What is p(t)?
9
Let n(p) = -3 + 3*p**3 + 2 + p + 0. Give n(1).
3
Let f(t) = -t + 3. Let i(k) = -k**3 - 4*k**2 + 6*k + 5. Let v be i(-5). Determine f(v).
3
Let a(x) = 4*x**2 + x - 2. Let k be a(3). Suppose -5*b + 21 = -c, 5*b = -3*c - 0*c + k. Let z(u) = u**2 - 6*u + 6. Give z(b).
1
Let f(k) = -k**2 + 7*k + 1. Let j be f(7). Suppose 0 = 4*t - 12, 2*t + 2 = 4*v - 0. Let m(w) = w**v - 3*w + 2*w - 2*w**3 - 5*w**3. Determine m(j).
-7
Let a(q) = q + 12. Let y be a(-9). Let c(h) = 5*h**2 - 1 + 5*h + 2*h + h**y - 2*h - h. Suppose 4 + 16 = -5*p. Determine c(p).
-1
Let b(k) be the second derivative of k**3/3 - 70*k - 2. Let j(s) be the first derivative of s**3/3 + 7*s**2/2 + 2*s - 1. Let f be j(-6). Calculate b(f).
-8
Let a(n) = -1 + 8 + n + 0. Suppose -25 = -34*q + 29*q. Give a(q).
12
Let m(l) = l**3 - 35 + 4*l + 3*l**2 + 37 + l**3. Let x be (-170)/(-15) + 2/3. Let h be 4/(-6) - 16/x. Determine m(h).
-10
Let q(g) be the first derivative of g**4/4 + 4*g**3/3 - 4*g + 7. Give q(-4).
-4
Suppose -4*w = -t - 1, -4*t - 3*w - 10 - 13 = 0. Let u(y) = -6*y - 11. Let n(x) = -5*x - 10. Let m = 1 + -6. Let s(j) = m*n(j) + 4*u(j). Give s(t).
1
Let p(j) be the second derivative of j**3/6 - 3*j**2/2 - 15*j. What is p(7)?
4
Let p(g) be the third derivative of -g**4/8 - 2*g**2. Let x be (-4)/(-10) - 115/(-25). Suppose 2*c + 1 = 2*i - 1, 3*c - 4*i + x = 0. Calculate p(c).
-3
Let a(n) = -n**2 - 4*n + 3. Let d be (3 - 5)*(-1 - -2). Let m be 90/(-24) + d/8. Calculate a(m).
3
Let w(p) be the third derivative of p**5/30 - p**4/6 + 5*p**3/6 + 4*p**2. Let h(j) = -3*j**2 + 3*j - 4. Let i(r) = -4*h(r) - 3*w(r). Let l = 5 - 4. Give i(l).
7
Let u(o) = o**3 - 6*o**2 + 3*o + 4. Let h(a) = -a**3 - 3*a**2 + 2*a - 3. Let b be h(-4). What is u(b)?
-6
Let b(m) = -2*m - 1. Let f(y) = -y - 1. Let h be f(0). Let u = h + -2. Let l be b(u). Let p(i) = -i**2 + 2*i + 4. Determine p(l).
-11
Let j(k) be the first derivative of -k + 1 - 1/3*k**3 + 3/2*k**2. Suppose -2*r = c - 3, -4*c = -0*r + 2*r - 6. Calculate j(r).
1
Suppose -3*s - n + 17 = 0, -14 = -4*s - 4*n + 14. Let a(l) = s*l**2 - 2*l - 2*l + 8*l + l**3 + 1. Calculate a(-4).
1
Let h(d) = -2 + 7*d - 2 - 6*d - 5*d. Suppose 4*r = -4*w - 8, -5*w + 1 = 2*r + 2. Calculate h(r).
8
Let a(q) be the first derivative of -q**2/2 + 16*q - 112. Let h be (-4)/(-14) - (-2)/(-7). Give a(h).
16
Let z(q) = -4*q + 1. Let u(p) = -5*p. Let y(d) = 2*u(d) - 3*z(d). Determine y(2).
1
Let c = 6 - 4. Suppose 0 = -3*f - 12, -4*f + 1 = 3*u + 8. Let k(i) = 6 + i - 3 - 4 + i**3 - u*i**2. Calculate k(c).
-3
Let u(z) = 53*z**3 - 3*z**2 + 3*z + 3. Let l(j) = 18*j**3 - j**2 + j + 1. Let g(o) = -8*l(o) + 3*u(o). Give g(-1).
-16
Let l(i) = i**3 + i**2 - i + 1. Suppose 5*q + 3 = 23. Suppose q*c + f - 7 = 5*c, 0 = -c + 4*f - 22. What is l(c)?
-1
Let x(m) = 1 + 2*m + 4*m - 5*m + m**2 + 0*m. Determine x(-3).
7
Let w(g) = -4*g**2 + 9*g - 12. Let q(z) = z - 3. Let f be q(9). Let o(n) = 5*n**2 - 10*n + 13. Let x(p) = f*w(p) + 5*o(p). Calculate x(-5).
-2
Let o be (8/(-6))/(8/(-12)). Let r be -1*(1 + o)*-1. Let i(y) = 6 + r*y - 4 - 4*y. Calculate i(3).
-1
Suppose 3*d + 23 = -1. Let b = d + 4. Let f(h) = h**3 + 4*h**2 + 3*h + 6. Calculate f(b).
-6
Let w(j) = -j**2 + 5*j - 2. Let z(k) = -k**2 + 10*k - 11. Let x be z(9). Let t be 5/(-10) - 7/x. What is w(t)?
4
Let y(j) = -3*j**2 + j - 2*j + 1 + 4*j**2 + 2*j. Suppose -5*r = -3*r - 4. Suppose 2 = r*w + 4. Give y(w).
1
Let u be (1 - 20/8) + 3/2. Let m(b) = b**3 + b**2 + 4. Calculate m(u).
4
Let q(h) = h**3 + 2*h**2 - 3*h + 3. Let d be (2 - (6 + -1)) + -7. Let f be d/45 + 40/18. Suppose t = f*p + 10, -3*p - 5*t + 15 = 4. Determine q(p).
3
Suppose 2*r + 8 = -2*p, r + 4*r + 20 = p. Let q(h) = -h - 7. Let c(z) = 3*z + 20. Let i(s) = 4*c(s) + 11*q(s). What is i(r)?
-1
Let t(x) = -x**3 + 3*x**2 + x + 2. Suppose 21 = 3*f + 3*o, o = 5*f + 2*o - 23. Give t(f).
-10
Let q(k) = k**3 + 5*k**2 + 6*k + 3. Let w(f) = -f**2 + 8*f - 4. Let b be w(8). Give q(b).
-5
Let r be -2 - -4 - 4*-1. Let q(m) = r + 18*m - 10*m - 11*m. What is q(5)?
-9
Let a(w) = 10*w**3 - 7*w - 11*w**3 + 3 + 3*w. What is a(2)?
-13
Let q(u) = -u**2 - 2. Let a(m) = m**2 + 3*m + 1. Let c(w) = -w. Let g(j) = -a(j) - 3*c(j). Let v(k) = 5*g(k) - 4*q(k). What is v(-3)?
-6
Let m be (-1 + (-1)/(-1))/2. Let o(q) be the second derivative of -q**4/24 + q**3 + q**2/2 + q. Let z(i) be the first derivative of o(i). What is z(m)?
6
Let p(l) = -l**3 + 3*l**2 + l + 2. Let v be (20/(-15))/(2/(-6)). Let c = v - 0. Suppose -c*d = 3*a - 22, -4*d = 3*a - d - 18. Determine p(a).
8
Let m(z) = 1. Let g(v) = v + 3. Let q(x) = -g(x) + 4*m(x). What is q(3)?
-2
Suppose 30 = -2*n + 4*r, 4*n + 4*r + 16 = -32. Let a(z) = -z - 17. What is a(n)?
-4
Suppose -3*y + 4*c - 1 = 0, -3*y - 3*c = 2*y - 8. Let p(z) = 2*z**3 + 2*z - 1. Give p(y).
3
Let r = 147 - 142. Let g(w) = -w**2 - w + 6. Calculate g(r).
-24
Let a be 0/(4/8*2). Let x(l) = 3*l + 0*l + 4 + l**2 + a*l**2. Calculate x(-4).
8
Let b(p) = p**2 - 6*p + 1. Let v be 44/33*3/1. Calculate b(v).
-7
Let z(s) = s**2 + 3*s - 2. Let x = 93 - 95. What is z(x)?
-4
Let n(y) be the second derivative of -y**3/6 - y**2 + 2*y. Let g = -4 + -1. Let r = -6 - g. What is n(r)?
-1
Let c(i) = -2*i - 6. Let v be (1 + 3/(-2))*12. Give c(v).
6
Let r(q) be the second derivative of q**4/12 + q**2 - 2*q. Let v be r(0). Let c(k) = k - 1. What is c(v)?
1
Let t(c) = c**3 - 3*c**2 + 2*c - 4. Suppose -2*u - 3*u + 15 = 0. Suppose 0*r = -u*r. Suppose -p - 4*y - 9 = 0, -y - 12 = -r*p - 3*p. Determine t(p).
2
Suppose -q = -2*f + 6, -5*f + 6 = 5*q - 3*q. Let v(a) = a + 1. Calculate v(f).
3
Suppose -4*b + 2 + 6 = 4*a, -a = -b + 4. Suppose 3*c - 3*j = -2*c + 11, 0 = b*j + 6. Let v(l) = -2*l**2. What is v(c)?
-2
Let r(x) = -10*x + x + 7*x + 4. Determine r(3).
-2
Let r = 50 + -45. Let b(v) = v - 1. Determine b(r).
4
Let i(z) = -4*z - 2. Let v(o) = o**3 - o. Let k be v(0). Suppose 3*p + 6 = -k. Give i(p).
6
Let j(t) be the third derivative of t**6/120 + t**5/20 - 5*t**4/24 - t**3/6 + 3*t**2. Calculate j(-4).
3
Let d = 3 - 9. Let x(p) = p**2 + 5*p + 8. Calculate x(d).
14
Let g(n) be the first derivative of n**3/3 + 4*n**2 + 4*n + 2. What is g(-7)?
-3
Suppose 2*t + 0 = 2. Suppose l + 4 = -t. Let v(c) = c**2 + 5*c + 2. Determine v(l).
2
Let f = -6 + 8. Let w(p) be the first derivative of -2*p + 2 + 2/3*p**3 + 1/2*p**2. What is w(f)?
8
Suppose -3*l + l - 10 = -4*g, 5*l - 2*g - 7 = 0. Let n be (l/2)/((-2)/(-12)). Let s(w) = -10*w - 3 + 3 + n*w. Calculate s(2).
-2
Let w(f) = -f**2 + 2*f + 1. Let h = -9 + 14. Let a = 8 - h. Determine w(a).
-2
Let b(g) = g - 1. Let v(w) = -8*w. Let o(j) = b(j) + v(j). Calculate o(-2).
13
Let l(w) = w + 4. Let x(k) = -k**3 + 4*k**2 - k - 2. Let u = 8 + -5. Let n be x(u). Let j = n - 4. Give l(j).
4
Let z(n) = -n + 1. Let p be z(1). Let h(v) = v**2 - v + 6. What is h(p)?
6
Suppo